vative of s**4/4 + 4*s**3 - 13*s**2/2 + 5. Let i be w(-13). Give k(i).
-1
Let p(z) = -z**3 + 15*z**2 - 15*z + 8. Let j be p(14). Let o(n) = -n - 4. Give o(j).
2
Let v = 13 + -6. Let c(x) = -v*x**2 - x - 1 + 2*x + 6*x**2 + 4*x**3 - 2*x. Suppose -5*o = -0*u + 2*u + 7, -3*u - o - 4 = 0. Determine c(u).
-5
Let d be 36/4 + 0 - -1. Let m(w) = -d + w - 7 + 17. Suppose 0 = 3*j - 1 - 14. Determine m(j).
5
Let s(k) = k**3 + 2 + 2*k - k + k**2 - k**2. Let d be s(0). Let a be (d + -2 + 0)/1. Let x(b) = b**3 + b**2 + b + 1. Give x(a).
1
Suppose 3 = -2*s + 1. Let a(w) = -6*w**3 - 1. What is a(s)?
5
Suppose -g + 8 = -5*t, -t + 3*t + 12 = -4*g. Let n(x) = -x**2 + x. Determine n(g).
-6
Let t = -1 + -4. Let d(n) = -3 + 5*n - 2*n + n**2 - n. Calculate d(t).
12
Let w be 10*4*21/140. Let p(c) = c**2 - 8*c + 9. Let g(i) = -2*i**2 + 16*i - 18. Let z(f) = 2*g(f) + 5*p(f). Determine z(w).
-3
Let r(h) be the first derivative of -h**3/3 + h**2 - 4*h - 3. Calculate r(4).
-12
Suppose 10 = 3*h - 5, -5 = -5*a - 4*h. Let b be 0*(-1)/a*1. Suppose b*k = 2*k. Let u(q) = q + 2. Calculate u(k).
2
Let w(z) = z**3 - 7*z**2 + z - 1. Suppose 0 = 3*x - 3*a - 36, -5*x - 11 = -3*x + 5*a. What is w(x)?
6
Let r(w) be the third derivative of -w**5/60 + w**4/12 + 5*w**3/6 + 37*w**2. Calculate r(4).
-3
Let d(r) = -r**3 + 0*r**3 + 4*r**3. Suppose -4*s = -u - 5, 0*u - 4 = 3*u - s. Let v be d(u). Let x(t) = t + 5. Calculate x(v).
2
Let j = 54 + -34. Let i = j - 14. Let g(y) = -4*y**3 - 5*y**2 - 6*y - 8. Let n(r) = -5*r**3 - 5*r**2 - 6*r - 9. Let z(m) = 6*g(m) - 5*n(m). Determine z(i).
-3
Let b(a) = a**2. Let r be b(2). Let d(k) = k - 2. Determine d(r).
2
Suppose 2*p + 13 - 25 = 0. Let z(s) = 2*s + 3. Calculate z(p).
15
Let d(q) = 12. Let b(g) = g. Let m(h) = -b(h) - d(h). What is m(0)?
-12
Let d(a) = a**2 - 248 - 3*a**2 - 8*a + 254. Calculate d(-6).
-18
Suppose 1 = w - 1. Let a(g) = -5*g**2 + 2*g - 5. Let n(t) = -7*t**2 + 2*t - 6. Let l(y) = 3*a(y) - 2*n(y). What is l(w)?
-3
Let o be 0/((-2 + -4)/3). Let g(k) = -k**3 + k**2 - 1. Let q(c) = 4*c**3 - 4*c**2 + c + 6. Let v(h) = -3*g(h) - q(h). Give v(o).
-3
Let l(q) = 4*q**2 + 6*q. Let o(n) = -5*n**2 - 6*n - 1. Let k(t) = 4*l(t) + 3*o(t). Suppose -19 = 4*y + 9. Give k(y).
4
Let n(j) be the second derivative of -j**5/20 - j**4/4 - 2*j**3/3 - 3*j**2/2 + j. Let o = -9 + 12. Suppose 10 = -5*x - 3*t, 0*x = -x - o*t - 2. Give n(x).
1
Let o(v) be the third derivative of -v**6/120 + v**5/30 + v**4/24 - v**2. Let k = -86 - -89. Give o(k).
-6
Let y(k) = -2*k**3 + 3*k**2 - 3*k + 2. Let q be (-4)/3 - 24/(-18). Let z(a) = -a**3 - 6*a**2 - 4*a + 7. Let n be z(-5). Let w = q + n. Determine y(w).
-8
Let n(m) be the third derivative of m**4/24 - m**3/3 - 38*m**2. Calculate n(4).
2
Let u(x) be the third derivative of -x**7/2520 + x**6/720 - x**5/60 - x**4/6 + 4*x**2. Let v(n) be the second derivative of u(n). What is v(2)?
-4
Let t(r) = -r - 7. Let i = 9 - 5. Suppose 0*b - 31 = 5*a - 3*b, -4*a + i*b - 28 = 0. What is t(a)?
-2
Suppose 3*d = -5*i + i + 17, 5*i = -4*d + 22. Suppose l + d*l = -8. Let g(s) be the first derivative of s**3/3 + s**2 + 2*s - 1. What is g(l)?
2
Let p(k) = 3*k + 3. Let j be p(-2). Let w(u) = u + 3*u**2 - 2 + 4*u**2 - 5*u**2 - u**2. Determine w(j).
4
Let l = -24 + 29. Let f(i) = -i**3 + 5*i**2 + i - 6. What is f(l)?
-1
Suppose 0 = -2*j - 1 + 3. Let h be (-1 + 0)/(0 + j). Let y be (-33)/9 + h/3. Let q(w) = w + 8. Give q(y).
4
Let c(n) be the first derivative of -3*n**2 - n - 15. Let f(t) = -t - 5. Let a be f(-4). Determine c(a).
5
Let l(w) = 78 - 78 + w. Let c be (-2)/(-9) + 11/(-9). Give l(c).
-1
Let i(p) = p**2 + 6*p + 7. Let w = 20 - 22. Let l be 12/w - (4 - 5). Give i(l).
2
Let q(h) = 4*h + 69. Let w be q(-16). Let v(k) = -k + 2. Calculate v(w).
-3
Suppose -3*q = -8*q - 2*p - 10, 0 = 3*q - p - 5. Let s(c) = 1 + c**3 - 2 - c**2 - 1. Give s(q).
-2
Let c(h) = h**2 - h + 4. Let r(j) = -2*j**2 + 2*j - 11. Let s(m) = 8*c(m) + 3*r(m). Let g(l) be the first derivative of s(l). Give g(3).
10
Let h(c) = 1. Let i(j) = 9*j - 5*j + 1 - 3*j. Let l(b) = 3*h(b) - 3*i(b). Calculate l(5).
-15
Suppose 0 = -2*x - 0*k + 4*k + 6, 5*x = 2*k - 9. Let f(p) be the second derivative of p**4/12 + 5*p**3/6 + 3*p**2/2 - 20*p. Give f(x).
-3
Let r = 4 + -1. Suppose -2*b + 9 = -r*s, 0 = 5*b - 2*b + 5*s + 15. Let c(w) = -w. What is c(b)?
0
Let x(n) be the second derivative of -n**5/20 + n**4/3 - n**3/6 - 3*n. Suppose 2*v - 16 = -2*v. Determine x(v).
-4
Let o(i) = -5*i**2 - 2*i - 3. Let x(v) = -14*v**2 - 6*v - 8. Let u(t) = 11*o(t) - 4*x(t). What is u(-2)?
-1
Suppose -4*q - 1 + 5 = 0. Let d(w) = 3*w**2 + 4*w - 3. Let l(c) = -1. Let g(z) = q*d(z) - 6*l(z). Calculate g(-2).
7
Let n(j) = -j**3 - 5*j**2 + 6*j + 1. Let w be n(-6). Let z be 0 - (-1)/(1 - 0). Let o(v) = -4 + z - v + w. Determine o(-3).
1
Let p(d) be the third derivative of -d**6/120 - 2*d**5/15 - 7*d**4/24 - d**3 - 2*d**2. Calculate p(-7).
-6
Suppose 0 = -5*n - 4*f - 0 + 29, 3*n = 3*f + 39. Let j be 42/n + 2/6. Let d(m) = 3*m - 5. Determine d(j).
10
Suppose -1 + 3 = 2*i. Let b(x) = 3*x - 1. What is b(i)?
2
Let z(t) = t**2 - 9*t + 3. Let l be z(9). Suppose -l*a - 4*f = -18, 3*a - 5*f = -a - 7. Let s(q) = q**a + 0*q**2 + 2 + q**3 - 1 - 3. Calculate s(-2).
-6
Let o(j) = -j**3 - 6*j**2. Suppose 2*v + 4 = -2*u, -v + 3*u - 10 = 8. Calculate o(v).
0
Let a(t) = t**2 - 8*t + 1. Let v be a(8). Let o(x) = -x. Let h(m) = m**2 - 2*m - 1. Let y(k) = v*h(k) + 2*o(k). Calculate y(5).
4
Let n(c) be the second derivative of -c**7/840 + c**6/60 - c**5/20 + c**3/3 - 3*c. Let s(a) be the second derivative of n(a). What is s(5)?
-5
Suppose 4*f + 11 = 4*j - 21, 4*j = -2*f + 14. Let m(g) be the second derivative of g**4/12 - 5*g**3/6 + 3*g**2/2 + 2*g. Give m(j).
3
Let u(p) = -6*p - 3. Let q(w) = -w**3. Let t(o) = -3*q(o) - u(o). Let j(h) = 1 + 2 + h - 2. Let z(d) = -4*j(d) + t(d). Calculate z(1).
4
Let q be -2*(-2*1 + -1). Let c = 32 - 22. Let p(v) = -v + q - c + 1. Give p(5).
-8
Let j(c) = -c. Let u(l) be the second derivative of l**2/2 + l. Let v be 0/3 - -4 - 3. Let g(z) = v*j(z) - u(z). Give g(3).
-4
Let s(h) be the first derivative of 1/2*h**2 - 8*h + 6 + 1/3*h**3. What is s(0)?
-8
Suppose 5*i = 3*b - 2*b - 21, 4*i + b = -24. Let p(t) = t**3 + 5*t**2 + 4*t - 4. Determine p(i).
-24
Let n(y) = 0 + 5 + 2 + 0*y - y. Give n(6).
1
Let u(j) be the third derivative of -5*j**4/24 + j**3/2 - j**2. Let p be ((-15)/(1 - -4))/(6/(-4)). Determine u(p).
-7
Let h(n) = n**3 - 2*n**2 - 2*n - 1. Suppose 2*l - 2*b - 20 = 0, 7*b - 3*b = -4*l + 40. Let m be (l/(-4))/(3/(-6)). Let r = m + -3. Calculate h(r).
-5
Let q(u) = -4*u**2 + u + 8. Let n(x) = -9*x**2 + 4*x + 17. Let d(m) = 3*n(m) - 7*q(m). Let w(v) = v**3 + v**2 - v - 5. Let f be w(0). Calculate d(f).
-5
Let w(b) = b + 3. Let n be w(-6). Let p(q) = -q**2 - 4*q + 1. Let f be p(n). Let d(h) be the first derivative of -h**3/3 + 2*h**2 + 5*h + 1. What is d(f)?
5
Let z = 9 - 11. Let j = z - -7. Let p(n) = 1 + 0 - j + 2*n + 0. What is p(4)?
4
Let t(o) be the third derivative of o**7/2520 - o**6/180 - 5*o**4/24 + 2*o**2. Let v(u) be the second derivative of t(u). Let z = 8 - 4. Calculate v(z).
0
Let a = -79 - -80. Let n(x) = 6*x**2 + 2*x - 1. What is n(a)?
7
Let l(c) = 5*c + 6. Let j be l(-2). Let w(d) = d**3 + 3*d**2 - 5*d + 1. What is w(j)?
5
Let v(b) = -2*b**2 + 3*b - 2. Let a be v(2). Let d = 8 + a. Let u(h) = 3*h + 2 + 2 + 1 - d. Determine u(-2).
-5
Let j(w) be the second derivative of w**5/120 - w**4/8 + 5*w**3/6 - 5*w. Let v(k) be the second derivative of j(k). Give v(3).
0
Let j(b) = 2*b - 3. Let t be j(3). Let m = 3 - 1. Let d(y) = -m*y + y**2 - 1 - 2*y + y. Give d(t).
-1
Let j(x) be the first derivative of x**2 + x - 1. Suppose 8*h - 8 = 10*h. What is j(h)?
-7
Let t = 5 - 7. Let q(j) = 5*j + 3. Give q(t).
-7
Let q(o) be the first derivative of -o**4/4 + 2*o**3/3 - o**2/2 - o + 1. Let j be ((-4)/10)/((-1)/5). Calculate q(j).
-3
Suppose 2*i + 13 = 5. Let n be i/(-1) + (-2)/2. Let v(k) = 3*k - 3. Determine v(n).
6
Let f(q) = q**2 + 7*q + 6. Let d(i) = -i**3 + i**2 - i - 7. Let a be d(0). Give f(a).
6
Suppose 45*i - 13 = 58*i. Let k(r) = -4*r**3 + r**2 + r + 1. Give k(i).
5
Let q(g) = -g**2 - 4*g - 1. Suppose 0 = -3*b + 4*b - 2. Let v be ((-2)/b)/(2/24). Let o be (-1)/(((-15)/v)/5). Determine q(